-5).
293
Let s(c) = -c**3 - 12*c**2 + 34*c - 44. Give s(-21).
3211
Let c(y) = 2424*y - 26649. Calculate c(11).
15
Let w(x) = -1828*x - 323547. Determine w(-177).
9
Let i(m) = m**3 - 121*m**2 + 1468*m + 3289. Give i(107).
79
Let v(k) = -k**3 - 91*k**2 - 1819*k - 6018. Calculate v(-64).
-194
Let h(k) = 58*k**2 + 991*k + 68. Give h(-17).
-17
Let u(j) = -j**3 - 32*j**2 - 109*j - 3291. Determine u(-32).
197
Let q(d) = -d**2 - 904*d - 40853. Determine q(-48).
235
Let c(o) = -4620*o - 2310044. Calculate c(-500).
-44
Let c(o) = o**3 + 19*o**2 - 226*o - 3943. What is c(-13)?
9
Let i(n) = 18*n**3 - 2734*n**2 - 303*n - 512. Calculate i(152).
-360
Let x(j) = -2*j**3 + 80*j**2 + 68*j - 2706. Give x(40).
14
Let c(p) = p**3 + 188*p**2 + 561*p - 377. Calculate c(-185).
-1487
Let m(u) = -4*u**2 - 3*u - 555. Determine m(21).
-2382
Let q(i) = 37*i**2 + 6564*i + 32829. What is q(-5)?
934
Let w(b) = -b**3 - 66*b**2 - 860*b - 464. Calculate w(-17).
-5
Let d(q) = 145268*q + 290500. Calculate d(-2).
-36
Let d(q) = 48*q - 889. What is d(21)?
119
Let j(p) = 2*p**3 - 24*p**2 + 82*p - 1356. Calculate j(12).
-372
Let l(b) = b**3 - 1482*b**2 + 238842*b - 12977. Give l(1298).
3
Let h(b) = -b**2 - 158716*b - 2380518. Give h(-15).
-3
Let o(x) = 2*x**3 + 11*x**2 - 1940*x - 9694. Determine o(-5).
31
Let o(d) = -2*d**3 - 442*d**2 + 447*d + 788. Determine o(-222).
122
Let m(y) = -11*y**3 - 2800*y**2 + 12694*y + 805. What is m(-259)?
28
Let w(g) = -g**3 - 2*g**2 + 148*g + 742. What is w(-5)?
77
Let h(o) = -8674*o + 164800. Calculate h(19).
-6
Let b(q) = 68*q**2 + 2039*q + 2039. What is b(-1)?
68
Let a(p) = 196*p - 1957. Calculate a(9).
-193
Let h(v) = -35*v**2 + 15640*v + 2198. What is h(447)?
-37
Let u(m) = 5*m**2 - 91*m + 129. What is u(24)?
825
Let f(p) = 42*p**2 + 174*p + 1615. Determine f(-10).
4075
Let a(c) = -c**3 - 5*c**2 - 12*c + 2. Determine a(4).
-190
Let i(w) = -682*w - 43640. Give i(-64).
8
Let a(t) = 2*t**3 + 207*t**2 - 962*t + 1070. What is a(-108)?
-10
Let m(b) = -36823*b + 478702. Give m(13).
3
Let a(o) = o**3 + 228*o**2 + o + 2. Calculate a(0).
2
Let q(v) = -v**3 + 102*v**2 - 1083*v + 105. Give q(12).
69
Let b(j) = -3*j**2 + 6501*j - 64718. Calculate b(10).
-8
Let k(l) = -642*l + 3863. Give k(6).
11
Let w(s) = -400*s - 21157. What is w(-48)?
-1957
Let b(i) = 4*i**3 - 120*i**2 + 904*i - 149. Calculate b(17).
191
Let f(q) = -477291*q + 2386365. Determine f(5).
-90
Let i(j) = 43774*j + 262788. What is i(-6)?
144
Let m(f) = -235*f + 55661. What is m(233)?
906
Let y(h) = 5*h**2 - 2141*h + 110771. What is y(368)?
3
Let q(v) = 5*v**3 + 557*v**2 + 534*v + 34614. Give q(-111).
-18
Let f(h) = 85*h**2 - 379*h - 25. Determine f(6).
761
Let n(q) = 7362*q - 80773. Determine n(11).
209
Let s(r) = 3*r**3 + 526*r**2 + 2091*r - 12. Calculate s(-4).
-152
Let v(p) = -427*p**2 - 2977*p + 80. Give v(-7).
-4
Let u(f) = 73*f**3 + 3*f**2 + 25*f + 52. Give u(-2).
-570
Let f(s) = -s**2 - 1101*s - 109872. What is f(-111)?
18
Let m(p) = -2*p**3 - 67*p**2 - 48*p - 471. Give m(-33).
24
Let c(i) = -100891*i + 1311614. Give c(13).
31
Let v(u) = u**2 - 250*u - 871614. What is v(-817)?
125
Let c(u) = 664*u + 62298. Determine c(-93).
546
Let k(n) = -4*n**2 + 966*n - 25335. Give k(30).
45
Let z(l) = -l**3 - 211*l**2 - 7746*l - 45814. What is z(-166)?
2
Let j(v) = 2*v**2 + 180*v - 4186. Calculate j(-116).
1846
Let g(t) = -4094*t + 4657. Give g(1).
563
Let p(n) = 27668*n + 249017. What is p(-9)?
5
Let c(p) = 842*p + 5084. Calculate c(-6).
32
Let x(b) = 3839*b + 11954. Give x(-3).
437
Let a(g) = 4*g**3 - 556*g**2 - 580*g - 782. Give a(140).
-3582
Let w(f) = 5780*f + 4496833. Give w(-778).
-7
Let p(t) = t**3 + 169*t**2 + 476*t - 2201. Determine p(-166).
1451
Let t(m) = 4*m**3 - 91*m + 357. Calculate t(4).
249
Let i(n) = -15382*n - 476848. Determine i(-31).
-6
Let r(z) = -292*z + 43673. Give r(151).
-419
Let o(n) = -n**2 + 634*n - 65898. Give o(131).
-5
Let y(o) = -o**3 - 378*o**2 + 3485*o + 3. What is y(9)?
21
Let a(z) = z**2 - 1693*z + 363144. What is a(252)?
12
Let c(j) = j**3 - 14*j**2 - 23666*j + 126. What is c(-147)?
-21
Let r(t) = -39*t - 17. Give r(-14).
529
Let y(q) = -2*q**3 - 25*q**2 - 26812*q - 375948. Give y(-14).
8
Let m(u) = 45*u**2 - 4408*u - 26445. Calculate m(-6).
1623
Let p(v) = -223*v**2 - 7569*v + 439. What is p(-34)?
-3
Let p(a) = -2*a**3 + 65*a**2 - 500*a + 2125. Calculate p(24).
-83
Let a(z) = -5*z**2 - 478*z - 11339. Determine a(-50).
61
Let b(n) = -2*n**3 + 5*n**2 - 1427*n - 2892. Determine b(-2).
-2
Let x(d) = -d**2 + 11*d + 20. Give x(5).
50
Let a(w) = -w**3 + 4*w**2 + 14*w - 37. Determine a(4).
19
Let t(a) = -68*a + 1357. Give t(31).
-751
Let g(f) = f**3 - 9*f**2 - 522*f + 2086. Give g(4).
-82
Let i(a) = 5*a**2 - 6431*a + 4. Give i(0).
4
Let i(r) = 13*r**2 - 21771*r + 65302. What is i(3)?
106
Let x(a) = 6*a**2 - 22054*a + 7173668. Give x(3315).
8
Let o(f) = f**3 - 31*f**2 + 155*f + 46. Give o(7).
-45
Let t(g) = -210476*g + 1262869. Determine t(6).
13
Let f(p) = 87*p + 8643. What is f(-99)?
30
Let m(j) = -2*j**3 + 41*j**2 - 226*j - 258. Give m(6).
-570
Let s(r) = r**3 - 16*r**2 - 177*r + 441. Determine s(-14).
-2961
Let g(f) = -6*f**3 - 120*f**2 + 5301*f + 106022. Calculate g(-20).
2
Let x(m) = 1007*m**2 + 3994*m - 134. What is x(-4)?
2
Let x(h) = -44*h**2 + 486*h - 20. What is x(12)?
-524
Let i(w) = -7*w**3 - 133*w**2 + 36*w + 486. Determine i(-19).
-198
Let o(n) = -n**3 - 225*n**2 - 12332*n - 373. Give o(-96).
-5365
Let a(q) = 2352*q + 18780. Calculate a(-8).
-36
Let i(y) = -58829*y - 117062. Give i(-2).
596
Let l(r) = r**2 + 353*r - 25735. Calculate l(-415).
-5
Let n(w) = -1355587*w + 31178506. Determine n(23).
5
Let i(k) = -72*k**3 + 132*k**2 + 215*k. What is i(-1)?
-11
Let r(s) = 20*s**3 - 330*s + 330. What is r(1)?
20
Let d(l) = 4470*l - 26752. What is d(6)?
68
Let x(d) = -11*d**2 + 296*d - 1691. Determine x(9).
82
Let v(l) = 414*l - 21034. Give v(44).
-2818
Let h(n) = -7*n**2 - 2634*n + 21521. What is h(8)?
1
Let v(y) = -4*y**3 + 8*y**2 - 16*y + 940. Calculate v(0).
940
Let o(m) = -1114*m + 12327. Determine o(11).
73
Let n(q) = 89402*q - 178808. What is n(2)?
-4
Let l(f) = -159*f**3 - 7*f - 8. What is l(-1)?
158
Let m(k) = 16*k**2 + 28*k - 1207. Determine m(-10).
113
Let t(c) = 4*c**2 + 191*c + 1800. Give t(-34).
-70
Let r(n) = -n**3 + 29*n**2 - 88*n + 14. Calculate r(24).
782
Let r(o) = -120295*o - 1684069. What is r(-14)?
61
Let h(f) = -5*f**2 - 37*f + 297. Give h(9).
-441
Let n(j) = -1387*j - 81027. Determine n(-59).
806
Let s(a) = 4*a**3 + 9*a**2 - 56*a + 277. Calculate s(6).
1129
Let y(n) = -n**2 + 362*n - 5816. Determine y(17).
49
Let b(h) = 232*h**3 - 2313*h**2 - 70*h - 17. Determine b(10).
-17
Let m(i) = -34*i**2 + 13361*i - 39403. Give m(390).
-13
Let t(d) = d**3 - 33*d**2 + 1185*d - 3287. Determine t(3).
-2
Let j(i) = -i**3 - 34*i**2 + 43*i - 955. Determine j(-36).
89
Let s(u) = 694*u + 9938. Determine s(-11).
2304
Let t(i) = -9697*i + 669126. Give t(69).
33
Let s(b) = 6*b**3 - 17*b**2 + 61*b + 4651. Calculate s(-8).
3
Let r(d) = -2*d**3 + 4*d**2 - 4*d + 372. Calculate r(0).
372
Let d(t) = 112*t**2 - 741*t - 2947. Calculate d(-4).
1809
Let u(h) = -60959*h + 1402043. Give u(23).
-14
Let d(v) = 2*v**3 - 156*v**2 + 155*v + 1970. Give d(77).
2047
Let x(o) = o**3 + 329*o**2 + 2231*o - 189. Determine x(-7).
-28
Let v(f) = -640*f**2 - 2524*f + 19. Calculate v(-5).
-3361
Let g(t) = -3*t**3 - 133*t**2 + 8567*t - 71. Determine g(-80).
-631
Let o(s) = -30*s**2 - 527*s + 1441. Calculate o(-20).
-19
Let a(b) = 4*b**3 + 90*b**2 - 108409*b - 2492360. Calculate a(-23).
-11
Let b(a) = 246225*a - 246249. Determine b(1).
-24
Let d(l) = -459*l**2 - 22935*l + 740. Determine d(-50).
-10
Let d(z) = -z**3 - 177*z**2 - 862*z - 89587. Calculate d(-175).
13
Let d(q) = 492*q**2 + 2020*q - 3. What is d(-4)?
-211
Let u(d) = -d**3 - 212*d**2 - 2953*d + 29. Calculate u(-15).
-1
Let m(a) = -57*a**2 - 8772*a - 7847. Determine m(-153).
-44
Let m(t) = -113*t**2 - 274*t + 506. Give m(2).
-494
Let b(v) = 9*v**2 + 51*v - 61. Determine b(-10).
329
Let h(d) = -4322*d + 2472180. Calculate h(572).
-4
Let v(x) = 5*x**3 + 414*x**2 - 548*x - 3697. Calculate v(-84).
-1
Let v(s) = -s**3 - 33*s**2 - 16*s - 171. Give v(-31).
-1597
Let y(m) = -8796*m + 395803. Determine y(45).
-17
Let p(o) = -4131*o + 248